 number?
False
Let y = -188 + 191. Suppose 5*q + 35569 = y*m, 3*m + q = 8*m - 59311. Is m a prime number?
True
Let l(b) = -12516*b - 7241. Is l(-44) composite?
False
Suppose 69 = 20*w - 31. Is (4 + w + -8)/(7/3409) a prime number?
True
Let v(i) = -837*i - 400. Let a be (7 - 207/18)*2. Is v(a) a composite number?
True
Suppose 5*w - 30 = 0, -5*x + 3*w - 4 + 31 = 0. Suppose -2*v - 82 = -310. Suppose 6*d + v = x*d. Is d composite?
True
Let n be ((-260)/(-60))/((-1)/(-3)). Suppose n*f = -317 + 1071. Is f composite?
True
Let y(w) = -355*w + 737. Is y(-12) a composite number?
True
Let h be (-3 - -1) + 7/(84/596376). Suppose -l = -3*p + h, -3*p = 2*l + 2*l - 49721. Is p a prime number?
True
Let q(g) = -3944*g**3 + 9*g**2 + 10*g + 3. Is q(-2) composite?
True
Let m(b) = -5 - 17*b**2 - 3*b + 34*b**2 + 76*b**2. Is m(8) a prime number?
True
Let o(y) be the first derivative of -y**4/2 + 4*y**3/3 + 3*y**2 - 23*y - 27. Is o(-12) prime?
False
Suppose -31*i + 42944 = 13*i. Suppose 6027 = o + i. Is o a prime number?
True
Let w(g) = g + 3. Let o be w(-1). Suppose 3597 = 2*l + 3*r + 2*r, o*r - 5401 = -3*l. Is l prime?
True
Suppose -108*w + 40818 + 440937 = -93*w. Is w a prime number?
True
Let s(z) = -16*z**2 + 27*z + 30. Let b(j) = -15*j**2 + 25*j + 31. Let t(f) = -7*b(f) + 6*s(f). Is t(-11) a composite number?
True
Let h(l) = l**2 - l - 1. Let d(q) = 5*q**2 - 11*q + 33. Let f(g) = d(g) - 4*h(g). Is f(-17) composite?
True
Suppose -15*o = -1949350 + 666295. Is o prime?
False
Suppose -5*k = 4*r - 7*k - 2854, -2*r - k = -1417. Suppose r = s - 4183. Let h = s + -1197. Is h prime?
True
Let o be -26245 - 2/5*15. Let g = o - -40104. Is g a prime number?
False
Let r be ((-2302)/(-5))/(22/330). Suppose 5*q - 5*b = 18185, -4*q + 7652 = b - r. Is q composite?
True
Suppose -10*f - 26*f - 36 = 0. Is 5*(-24)/(-30) - (-11962 + f) prime?
False
Let m(w) = -w**3 - 6*w**2 - 6*w - 1. Let k be m(-4). Let p(g) = g**3 + 9*g**2 - 2. Let l be p(k). Is (-3)/l*(-40374)/(-27) a composite number?
False
Is 8*4893318/36 - -5 composite?
False
Let x(q) = 16*q**2 + 192*q - 189. Is x(71) a composite number?
False
Suppose 0 = 79*f - 1382608 - 6028303. Is f a composite number?
False
Let k(w) = 12*w**2 + 3*w + 1. Let d = 111 + -112. Let g be k(d). Is 15/75 + 28608/g prime?
True
Suppose 1100*g - 20450627 = 1029*g. Is g a composite number?
True
Let s = 31 - -381. Suppose -j + s - 105 = 0. Is j a composite number?
False
Is (-32)/(640/(-12484610)) - 3/2 a composite number?
False
Suppose 65*s - 32203165 = 23*s - 37*s. Is s a prime number?
False
Let w(z) = -700*z - 111. Let l be w(-12). Suppose -572 = 2*k - 3*s - 3874, -5*k - s = -l. Is k composite?
False
Let p = -117 + 72. Let h = 35 + p. Is ((-3411)/45)/(-2*(-1)/h) a prime number?
True
Is (-863649)/(-33) - -6*3/(-99) a composite number?
False
Let q(g) be the third derivative of 0 - 7/60*g**5 + 0*g + 3*g**2 - 1/8*g**4 - 1/15*g**6 + 7/6*g**3. Is q(-4) prime?
True
Let g be 2/3*(-627)/38. Let t = g - -12. Is ((-69)/t)/((-21)/77) composite?
True
Let q be (8/10)/(-2) - 531/(-15). Is 1006/(3 + q/(-15)) composite?
True
Let l = 273090 + 87037. Is l prime?
False
Let i(p) = -21314*p**3 - p**2 + 37*p + 37. Is i(-1) a prime number?
True
Is (33 + -35)*916772/(-8) prime?
False
Let v = -169 - -175. Suppose v*l = -2475 + 9429. Is l prime?
False
Let l(a) = a**3 + a + 2. Let m be l(0). Suppose 0 = -5*g - m*d + 4, 5*g - 4*d - 13 = -3*d. Is 2001 - 12 - -2*g/(-2) a prime number?
True
Let f be 2/4 - 28/8. Let w be 49 + ((-4)/2 - f). Suppose -2*l + 5*m + 126 = 0, -3*m + w = -2*l + 168. Is l prime?
True
Let n(f) = -f - 2. Let w be n(-1). Let r be (-3 + 1 + 2)*w/(-1). Suppose 3*l + 14 - 1181 = r. Is l a composite number?
False
Suppose -23604 = -5*u - 0*u - m, 4*u + 2*m - 18882 = 0. Is u a prime number?
True
Let q be 14/(-35) - 22/(-55). Suppose -15 - 25 = -4*z. Suppose q = z*v - 13*v + 6447. Is v prime?
False
Suppose -3704*d - 3860660 = -3724*d. Is d composite?
True
Suppose -7*v + 348 = -660. Suppose a + 3 = 0, d - 5*d + 4*a = -v. Suppose d*q = 34*q - 1115. Is q composite?
True
Let g(h) = -162*h**3 + 4*h**2 - 27*h + 13. Is g(-6) prime?
True
Suppose 208*i = 2150712 - 762870 + 1487342. Is i a prime number?
False
Let i be (-173)/(-9) - (-16)/(-72). Suppose 0 = 4*m - m - 3*r - 9, -3*m - 2*r = -i. Suppose 0 = 2*a + 4*p - 366, 2*a = -2*a + m*p + 706. Is a a prime number?
True
Suppose 27553 = -7*f + 8604. Let h = f + 5250. Is h composite?
False
Is (198/110)/((-57)/(-10027915)) prime?
False
Let t(l) = -l**2 - l - 1. Let h(n) = -n**3 - 6*n**2 - 10*n - 10. Let j(g) = h(g) + 3*t(g). Let b be j(-9). Suppose -3*o = z + b - 253, 0 = 4*o. Is z composite?
False
Suppose 210*t + 309719 - 17465727 - 11831762 = 0. Is t prime?
False
Let y(t) = -t**3 + 1. Let q(m) = -163*m**3 - m**2 + 1 + 96*m**3 - 2*m + 88*m**3. Let a(v) = -q(v) + 4*y(v). Is a(-2) a composite number?
True
Is (4 - 14) + (1229182 + -10)/12 prime?
False
Let z(y) = -y**3 + 5*y**2 + 6*y - 2. Let w be z(3). Let t be 881 + 1/(-6) + w/(-12). Is -2 - 1 - (4 - t) composite?
True
Let k = 9 - 11. Let g be -4 + (k - -3) + 2551. Suppose g + 698 = 2*i. Is i composite?
True
Suppose 4*o - 7 = 13. Suppose -2*s = -o + 1. Suppose -688 = -s*v - 182. Is v a composite number?
True
Suppose -4*x = 5*s - 209, 0*s - 2*s - 4*x + 86 = 0. Let p = -41 + s. Suppose p*v = -4*v + 632. Is v prime?
False
Suppose 0 = 24*b - 124615 - 96161. Is b composite?
False
Let c = 3103 + -758. Let l = c - 736. Suppose q + 327 = -n + l, 0 = -5*q - 15. Is n prime?
False
Let t(v) = 318*v**3 - 19*v**2 - 13*v + 19. Is t(4) a composite number?
True
Let b(h) = 9*h**3 - 13*h**2 + 12*h + 13. Let g(d) = -d**2 - 11*d + 66. Let c be g(-15). Is b(c) composite?
True
Let a(c) = 156*c**2 + 93*c - 197. Is a(2) a composite number?
False
Let q = -1147 - -2294. Is q a prime number?
False
Let f(g) = -245*g + 3. Let y(p) = -736*p + 8. Let x(n) = 7*f(n) - 2*y(n). Let t be (-13)/(117/30)*(-36)/(-10). Is x(t) a composite number?
True
Let g = 14761 - -11110. Is g a prime number?
False
Let o(b) = 2*b + 13. Let u be o(-4). Suppose -3*n - u*v = -5171, -2*n - v = -5510 + 2058. Is n a composite number?
True
Suppose -2*a + 17528 = 6*k, -60*a + 2*k = -55*a - 43973. Is a a composite number?
True
Suppose -5*c + 9459195 = 5*f, -c + 282 = 290. Is f a composite number?
True
Let t(w) = 26 + 425*w + 0 + 1 + 7. Is t(5) a composite number?
True
Let s = -18600 + 32460. Let x = -7543 + s. Is x a composite number?
False
Let z be -1*(0 + 3)/(18/(-168)). Let d = z - 28. Suppose 2*p - c - 533 = -d*c, p + 2*c - 279 = 0. Is p composite?
False
Suppose 4 + 0 = y + n, y - n = -2. Suppose -h + 0*h + 2*z = y, 2*z + 2 = 0. Is (h + 5)/(4/1534) prime?
False
Suppose -5 = -5*s + 3*a, s + 5*a = 4*s - 3. Is 6/18*3*331/s prime?
True
Let m(h) be the third derivative of 21*h**4/8 - 3*h**3/2 - 32*h**2. Let q be m(7). Suppose -k = -q + 175. Is k composite?
False
Let f(a) = 91*a**2 + 20*a - 541. Is f(22) prime?
True
Let t(y) = -y**2 - 8*y - 13. Let c be t(-5). Suppose -3*b - c*k = -6*k - 14, -3*k - 15 = 0. Is 94/8*9 - b/8 a prime number?
False
Let h = -7 - -12. Suppose -4 = -5*b + 3*z + 27, -h*b - 5*z = -15. Suppose -m - 4*m = 5*p - 4845, 4839 = b*m + 2*p. Is m prime?
True
Let n(a) be the second derivative of -127*a**5/20 + a**4/2 - 11*a**3/6 - 47*a**2/2 - 5*a + 14. Is n(-5) a composite number?
False
Suppose -9*k - 2311 + 403 = 0. Suppose -5*t + 4*z - 1725 = -0*z, -2*t = 5*z + 690. Is (t/30)/(2/k) prime?
False
Let m(a) = 7*a**2 + 167*a - 157. Is m(96) a composite number?
False
Let y(j) = j**2 - 32*j + 5. Let v be y(32). Suppose -3*t + 28818 = -v*i, -19208 = -2*t + 19*i - 17*i. Is t prime?
True
Suppose -4*f + c = -2*f - 3, 0 = 5*f - c - 15. Suppose 0 = f*k - 13 - 3. Suppose -2*j = -5*y - 711, 3*y + k = 1. Is j a prime number?
True
Let w(d) = 6 - 2095*d + 9 - 19. Let l be w(3). Let s = -1550 - l. Is s prime?
False
Is ((-6)/2)/((-114)/140258) a prime number?
True
Let c(w) = 5*w**2 - 9*w - 1. Let a = 145 + -135. Is c(a) composite?
False
Let q(g) = 113*g**2 - 4*g + 4. Suppose 0 = w - 5*d - 31, -2*w - 2*d = -1 - 1. Suppose 2*h = -0 + w. Is q(h) a composite number?
False
Let q(v) = 254*v**2 - 1204*v + 7. Is q(-8) composite?
True
Let z(o) = 24*o - 14. Let l be z(4). Let c = 81 - l. Is (-792 + c + -4)*-1 a prime number?
True
Is 1678*(-7 - 81/(-6)) a pri